 Is (-46)/z - 72/21*-10 a prime number?
False
Suppose y + 4*y - 4*h - 6578305 = 0, 4*h = -3*y + 3946983. Is y composite?
False
Suppose -49*h + 522 - 228 = 0. Let p(k) = 8*k**2 + 0*k - 14 + 2*k**3 + 2*k - k**3. Is p(h) composite?
True
Suppose 2*z = 3*t + 21766, -z - 10*t = -5*t - 10883. Suppose -y = 4*v - z, -2*v = -0*y - 2*y - 5454. Is v prime?
False
Let s(g) = -11 + 11*g + 11*g - 6*g - 2*g. Let y be s(9). Suppose -z - y = -438. Is z a prime number?
False
Let y(d) = 8*d - 51. Suppose 8*f - 86 = -30. Let q be y(f). Suppose 0*i = -q*j + i + 15819, 15823 = 5*j - 2*i. Is j prime?
True
Let j = 23 + -18. Suppose -3*o + j*q = -38, 5*o + 0*q = -3*q + 52. Suppose -532 = o*h - 15*h. Is h prime?
False
Is (2/14)/(12/8878044) prime?
True
Suppose 0 = -6*s + 14 + 4. Let i(z) = -z**3 + 3*z**2 + 2*z - 6. Let q be i(s). Is 111798/126 + ((-2)/7 - q) a composite number?
False
Let z(l) = -2*l**2 + 33*l - 13. Let x be z(16). Let k = 10 + 5. Suppose k = -5*f, -2736 - 1881 = -x*b + 4*f. Is b prime?
False
Let o = -323 - -336. Let c(u) = 111*u - 74. Is c(o) composite?
True
Let c(q) = -2*q**3 + 17*q**2 + 9*q + 16. Let p be c(9). Is 6274*(72/p + -2) prime?
False
Let i(d) = 2220*d**2 + 2*d - 135. Is i(-7) composite?
False
Let b(q) = 181*q**2 + 202*q + 4. Is b(-19) a composite number?
False
Suppose 471 = 187*x - 186*x. Let w be (-710)/(-4 + 3) - 0. Let y = w - x. Is y composite?
False
Let v = 197461 + 285480. Is v a prime number?
True
Let o(p) = p**2 + 18. Let r = 50 - 24. Suppose -c + 4 = r. Is o(c) a prime number?
False
Let a(b) = -501*b - 220*b - 1979*b + 19. Is a(-1) composite?
False
Suppose -4*p + 2*p + 2*i - 1178 = 0, 2*p + 4*i + 1196 = 0. Let g = p - -1247. Is g a prime number?
False
Is 9/3*38264/48*2 a prime number?
True
Let z = 38056 - 65014. Is (-3)/2*z/9 a composite number?
False
Suppose -y + 3*q = -11, 6*y + 3*q = 4*y - 14. Let w be 1/(9/18) + (-326)/y. Suppose 9*h - w = 6431. Is h prime?
True
Let p be -4 + (-4013)/(-6) + (-2)/(-12). Suppose -3*y - 5*u = 1380, 3*u - 920 = 2*y - 0*u. Let t = y + p. Is t composite?
True
Is 7031226/36 + ((-585)/54)/13 a prime number?
True
Let j(q) = -5*q**2 - 35*q + 8. Let o be j(-7). Is 114/152 - (-22658)/o a composite number?
False
Is 1/(26133054/1187866 - 22) prime?
True
Let c be 2/5*30/3. Suppose 2*x - c*x = -820. Suppose -3*t = -x - 1951. Is t composite?
False
Suppose 2*r - 18 = 0, 873*r - 877*r + 1677102 = 6*t. Is t composite?
False
Suppose -2*a + 2*m = -22960, -a - 8*m = -4*m - 11485. Let c = a - -3218. Is c a prime number?
True
Suppose 0*l - 651 = -2*l + 3*k, -3*k + 621 = 2*l. Let c = l - 191. Is c prime?
True
Suppose -3*k = -10*k - 3*k + 243170. Is k a prime number?
True
Suppose -2644530 = -3*g + 3*s, g + s - 43945 = 837563. Is g a prime number?
True
Let q = -142 - -160. Let w(b) = -304*b - 8. Let p be w(-6). Is (-4)/q - p/(-72) a composite number?
True
Suppose -9*p + 3*r - 84308 = -11*p, -2*p - 4*r = -84306. Is p a composite number?
False
Suppose n - 3*i = 37561, 4*n - 704*i = -705*i + 150322. Is n a prime number?
True
Is 11 + -7 + 6 + 71734 + -3 composite?
False
Let o(g) = 33*g + 305. Let v be o(-5). Suppose v*q = 147*q - 142303. Is q a prime number?
False
Let q be -1*4/34 - 144/(-68). Suppose 0*l - l = q*g - 313, -2*l + 785 = 5*g. Is g composite?
True
Let v(h) = h**3 - 6*h**2 + 10*h + 8. Let c be v(5). Suppose 480 = c*m - 38*m. Let r = m + 397. Is r a composite number?
True
Let u(l) = 828*l + 3403. Is u(40) a composite number?
False
Is -8*712835/(-320) + 3/24 a prime number?
False
Let z be 3*(-10)/45 - 112/(-6). Let y(g) = -2*g**2 + 36*g + 3. Let t be y(z). Suppose -2*k + 1295 = 5*v, v - 3*v + t*k = -518. Is v prime?
False
Let y = -58520 + 639311. Is y prime?
False
Suppose -k = -81 + 79. Suppose -5*s - 27677 = -k*y - 11358, 3*y + 3*s - 24426 = 0. Is y a prime number?
True
Is 11/((-1100)/(-75)) - 573925/(-4) prime?
False
Is 96294235/694*6/(-5)*(-1)/3 a composite number?
False
Let l(i) = -i**3 + 18*i**2 - 11*i - 8. Let r be l(17). Suppose g + m - r = 503, -2*g - 5*m + 1209 = 0. Suppose -1462 - g = -2*d. Is d prime?
False
Let t be (11 - 11)/(-2*2). Suppose 3*x = 280 - 31. Suppose 0*y - y + x = t. Is y a composite number?
False
Suppose 41*s = 52*s - 86713. Is s composite?
False
Let k(b) be the third derivative of -b**6/40 - b**5/5 - b**4/4 - 13*b**3/6 - 74*b**2. Is k(-10) a composite number?
False
Let r(h) = -4 - 29*h - 3 + 5 - 8*h**2 - 3. Let c be r(-16). Is -1 + (c/2)/(4/(-48)) a prime number?
True
Let g(f) = -f**3 - 5*f**2 + 7*f + 9. Let a be g(-6). Let s = 36 + a. Is (-8 - -1)/((-3)/s) a composite number?
True
Suppose 255 = 15*j - 0*j. Suppose -d + 5*b = -2474, -12*d + j*d - b = 12370. Is d prime?
False
Suppose 2*t + 5*k + 2357 = 0, -k - 15 = -4*k. Is (t/(-9) + 0)*21/7 a prime number?
True
Let x(v) = 85*v**2 + 26206*v - 1 + 18*v**2 - 26210*v. Let y = -6 + 4. Is x(y) a prime number?
True
Let j be (10/(-3))/(11/(198/12)). Let w be -434 + (j - 1)*4/(-6). Let o = 321 - w. Is o a prime number?
True
Suppose -f - 5*o - 88360 = -391159, -5*f = -2*o - 1513887. Is f a prime number?
True
Suppose -3*g + 213686 = 2*x, -40*x - 3*g = -42*x + 213662. Is x a composite number?
True
Suppose 0 = j - 2*m + 10042, 23*j - 5*m - 40168 = 27*j. Is j*(-5)/(-10)*-2 prime?
False
Let d be (-2 - -3) + -2 + 5. Let b(s) = -537*s + 29. Let r(j) = 269*j - 14. Let y(h) = -4*b(h) - 7*r(h). Is y(d) a composite number?
True
Suppose -28 = -20*w + 16*w. Let b(t) = -t**2 + 53*t - 11. Is b(w) a composite number?
False
Let w(n) = -5*n**2 + 42*n + 118. Let v(g) = 2*g**2 - 14*g - 39. Let l(b) = 8*v(b) + 3*w(b). Let u be l(-10). Is (0 + u)/((-4)/(-3314)) composite?
False
Suppose 3*s = 6*s - 12, r + 4*s - 23 = 0. Is (-10)/70 - (-18432)/r prime?
True
Let u(m) be the second derivative of m**5/10 + 41*m**4/12 - 43*m**3/6 + 3*m**2 + 65*m. Is u(-19) a composite number?
True
Let v = 75611 + 553994. Is v composite?
True
Suppose -3 = -j + 5*t, -1 = j + 3*t + 4. Is (2335 + j)/((-1)/(-4 + 3)) composite?
False
Let v be 7041 + 22/(-6) + (-14)/(-21). Suppose -5*h - v = -3*z, 1642 = -3*z + h + 8680. Suppose 6*l = a + 4*l - 585, 0 = -4*a + 2*l + z. Is a composite?
False
Suppose -4*d - 4*o - 8 = 0, -3*o - 10 = 2*d - d. Suppose -d*q + 96 + 326 = 0. Is q prime?
True
Let x(d) = 242*d**2 - 41*d + 1373. Is x(22) prime?
False
Suppose 0 = -4*w + 2*j + 582312, -5*w + 187935 = -j - 539952. Is w a composite number?
False
Let f = 375 - 348. Let d(i) = 85*i + 484. Is d(f) a composite number?
True
Let c = 159299 + -93676. Is c composite?
True
Suppose -3*n = 36 - 3. Let j(f) = 17 - 48*f + 38 - 75*f - 11. Is j(n) composite?
True
Suppose 0 = -61*p + 11206088 + 4680967 - 4716796. Is p a composite number?
False
Let k = -174 + 181. Let c(m) be the first derivative of m**4/2 - 2*m**3 + 7*m**2/2 + 2*m + 3. Is c(k) a prime number?
True
Let i(y) be the first derivative of -3*y**4/2 + y**3/3 + 5*y**2 + 12*y + 3. Is i(-5) a prime number?
False
Let z(m) = 2199*m - 9. Let h(n) = 3299*n - 15. Let g(p) = 5*h(p) - 8*z(p). Is g(-2) prime?
False
Let r(i) = 4*i**3 - 101*i**2 - 151*i + 19. Let x(c) = -c**3 + 25*c**2 + 38*c - 5. Let k(w) = 2*r(w) + 9*x(w). Is k(18) a composite number?
False
Let u(f) = f - 3. Let w be u(7). Let n be w - (0 - (3 + -1)). Is ((-447)/n)/(3/(-30)) composite?
True
Let g be (16 - 0)*1432 + 2. Let y be (-1)/7 + (g/21 - 0). Suppose -3*m + 2*m + 211 = 2*a, -5*m = -2*a - y. Is m a prime number?
False
Let n = 30650 - 62420. Is (n/24)/((-1)/4) - -2 prime?
True
Let n = 122 + 53. Suppose -3*p - n = w, -3*w - 505 = -0*w + 5*p. Is 7/((-49)/w) - 2/(-14) a composite number?
False
Is -5 - (-109155 - 1)*(6 + -3) prime?
True
Let q be 1*(1 - -16) + 1 + 2. Suppose -418 = -22*r + q*r. Is r prime?
False
Let h(w) = w**3 - 2*w**2 + 2. Let g be h(2). Suppose 0 = m - g*m + 4*m. Suppose m = -6*d + 1974 - 708. Is d a prime number?
True
Let a(o) = -11*o**3 + 2*o**2. Let c be a(-2). Let h = 649 - c. Is (-13 - -9)*h/(-4) a prime number?
False
Suppose 5*x - 124 - 446 = 0. Suppose 0 = c + 3*v - 5254, 2*c + 5*v + x - 10619 = 0. Suppose -4*h = 0, 5*r - 3*h + 4*h = c. Is r a composite number?
False
Suppose 11*j - 20 = 13. Suppose 4*x = 4*m + 51336, j*m - 25643 = -2*x - 0*m. Is x a prime number?
True
Let a(s) = -38*s**3 + 5*s**2 + 22*s - 45. Is a(-8) composite?
True
Suppose 2*f = 2*z - 0*f + 2, 3*z - 4*f = -4. Suppose 